(h) = 4*h - 1. Let j be k(1). Suppose -125 = -j*x - l, s*x + 3*l - 110 = 97. What are the prime factors of x?
2, 3, 7
Let y be 80/(-3)*(-216)/45. Suppose 3*k = -n - k + y, 3*k = -12. List the prime factors of n.
2, 3
Suppose 82 + 41 = -u. Let q = u - -173. What are the prime factors of q?
2, 5
Suppose 0*f = 3*f + 72. Suppose -2*l = 3*i - 118, -3*i + 6*l + 83 = l. Let t = f + i. List the prime factors of t.
2, 3
Let p be 2*6*33/(-12). Let j = 40 + p. Suppose j = o - 52. List the prime factors of o.
59
Suppose -4*p + 2 + 4 = -w, -w - 4*p = -10. Suppose -158 = -w*u + 188. What are the prime factors of u?
173
Let a(w) = -3*w + 5 - 9*w - w - 3. List the prime factors of a(-18).
2, 59
Suppose 4*r = -2*f + 6, -5*r + 8 = -0*r + 3*f. Let g be 5*(r - (-1 - -1)). Suppose 8 = 3*m + 5*c, -2*c + g = -2*m + 21. What are the prime factors of m?
2, 3
Suppose 2*y - 5*s = 40, -3*s = -4*y + s + 56. Let p(x) = -x**3 + 9*x**2 + 9*x + 14. Let f be p(y). List the prime factors of (-4)/f + 17 + 3.
19
Let s be (-16 - -18) + 1/1. Suppose 4*q = s*r + 397, -4*q + 117 = 4*r - 315. List the prime factors of q.
103
Suppose -g + 193 = 5*q, q - 247 - 318 = -3*g. Let j = g - 133. List the prime factors of j.
5, 11
Let t be 3*(6108/63 - (-10)/(-35)). Suppose -8*l + 1550 = -t. List the prime factors of l.
2, 5, 23
Suppose -3*j + 6 + 11 = -2*x, -3*x - 2*j = -7. What are the prime factors of (2 + x)*153*(-15)/(-9)?
3, 5, 17
Suppose 0*u = z + 2*u - 4, -5*z - 6 = -3*u. Suppose -2*n + 80 = -z. Suppose -5*v - 8 = 2*a - 49, 2*a = -4*v + n. List the prime factors of a.
2, 3
Suppose -3*s = 5*y + 1, -4*s = 5 + 3. Let f be 3 + -1*y*-32. List the prime factors of (-9)/3 + 3 + f.
5, 7
Suppose 73*b - 8184 = 67*b. List the prime factors of b.
2, 11, 31
List the prime factors of (2 - 0)/((-15)/(-990)).
2, 3, 11
Suppose -12*u + 4*x = -15*u + 1022, -2*x = -5*u + 1712. What are the prime factors of u?
2, 3, 19
What are the prime factors of (-253 - 8)/(3/(-25))?
3, 5, 29
Let a(z) = 73*z - 15. Let r be a(10). Suppose -9*s + 22*s = r. List the prime factors of s.
5, 11
Suppose 1672 = -4*o - 5*n, -o = -0*o + n + 417. Let p = o + 618. What are the prime factors of p?
5, 41
Let v be (4/2)/((-49)/(-16) + -3). Let z = v + -29. What are the prime factors of z?
3
Suppose 3*s = -4*r - 20, 3*s - 1 - 11 = 0. List the prime factors of (-1 - -8)/((-2)/r).
2, 7
List the prime factors of (82/5)/((-2)/(-35)).
7, 41
Let m = -29 + 8. Let o = -18 - m. Suppose -o*h + 40 = -119. What are the prime factors of h?
53
Suppose 0 = 10*h - 30590 + 5430. List the prime factors of h.
2, 17, 37
Let q = -32 - -36. Suppose 0 = 3*v - q*w - 158, -2*v - w + 3*w + 108 = 0. List the prime factors of v.
2, 29
Let n(t) be the first derivative of 4 - 1/2*t**2 + 11*t. List the prime factors of n(6).
5
Let g = 33 - 20. Let t = 25 - g. Suppose 4*r - 4*d - t = 0, -r - 4*d + 3 = -2*r. What are the prime factors of r?
5
Let c(d) = 10*d + 9. Let p(x) = -10*x - 10. Let f(q) = -5*c(q) - 4*p(q). What are the prime factors of f(-4)?
5, 7
Suppose 2*f - 2*u = 812, -4*f + 1619 = -4*u + u. What are the prime factors of f?
401
Suppose 0 = -23*m + 4605 + 915. What are the prime factors of m?
2, 3, 5
Let j(n) = -57*n + 166. What are the prime factors of j(-21)?
29, 47
Suppose -8*x + 25 = -7. Suppose a + 48 = w, x*a - 1 = 5*a. List the prime factors of w.
47
Let b = -2758 - -7699. What are the prime factors of b?
3, 61
What are the prime factors of 139 + ((-10)/5 - -7)?
2, 3
Let l be (3/(-6))/((-1)/(-30)). List the prime factors of 12/(-30) - 3381/l.
3, 5
Suppose 3*m - 18 = 3*u, 2*u + 22 = -3*u + 3*m. List the prime factors of 5*((-306)/(-15) + u).
2, 23
Let r be 3*4/(-36)*-9. Suppose -r*x + 42 = -4*s - 141, -4*s - 53 = -x. What are the prime factors of x?
5, 13
Suppose -12*a = -16*a - 944. Let j = a + 487. List the prime factors of j.
251
Let s(w) = -82*w - 1. Let r be s(-1). Suppose -3*g - 1 = -7. Suppose 5*c = g*c + r. List the prime factors of c.
3
Suppose u + 3*u - 132 = 0. Suppose 0 = w - u + 8. List the prime factors of ((-48)/(-40))/(3/w).
2, 5
Suppose 3*q = 4*q. Suppose -2*z - 6 = q, 0*i = 4*i + 4*z - 404. What are the prime factors of i?
2, 13
Let j = 34 - 34. Let k = j - 0. Suppose -2*w = k, -5*h + 3 = -w - 52. What are the prime factors of h?
11
Suppose -7 = h - r + 3*r, -4*h + 8 = -r. List the prime factors of h/(273/(-137) - -2).
137
Suppose 2*p = -p + 2430. List the prime factors of p.
2, 3, 5
Let i be (41/(-3) + -3)*-12. Let v = i - 111. What are the prime factors of v?
89
Suppose -4*s + 2*d + 60 = -14, 4*s - 4*d - 72 = 0. Let l = 204 - 200. Suppose 1 = l*f - s. List the prime factors of f.
5
Let z = 20 - -222. What are the prime factors of z?
2, 11
Suppose 27*g - 22*g - 25 = 0. Let l = -41 - -73. Suppose -l = 3*s - g*s. List the prime factors of s.
2
Let g = 1415 + 262. What are the prime factors of g?
3, 13, 43
Let q(j) = -10*j**2 - 22*j + 14. Let a(v) = -v**2 + 1. Let l(k) = 4*a(k) - q(k). List the prime factors of l(-7).
2, 5, 13
Let v = 187 + 16. Let w = v + -144. List the prime factors of w.
59
Suppose 4*y + 150 = 9*y. Let g = y - 16. What are the prime factors of g?
2, 7
Suppose 6 + 2 = -r. Suppose 3*d = -3*y - y - 393, -372 = 4*y - 4*d. What are the prime factors of (-18)/r*y/(-9)?
2, 3
Let x(j) = -2*j**2 + 12*j - 12. Let k be x(4). Suppose -3*q = -5*q + 4*r + 306, -k*r - 12 = 0. What are the prime factors of q?
3, 7
Suppose -5*p = -5*h + 220 - 40, 3*p = -2*h + 82. Let z = h - -32. Suppose 5*n - 124 = a - 0*a, -5*a = -3*n + z. List the prime factors of n.
5
Let o be (0/4 - -3 - 2)*0. Let p(d) = d**3 + 3*d + 230. What are the prime factors of p(o)?
2, 5, 23
Suppose -s - 4 = -1. Let z(g) = -g**3 + 3*g**2 - 2*g - 3. Let k(c) = c**3 - c + 1. Let p(f) = 2*k(f) + z(f). What are the prime factors of p(s)?
11
Let u(k) = -2*k + 4. Let x be u(3). Let y be (14 - 6)/(x/(-2)). Suppose s = 3*h - 61, -3*s = -s + y. What are the prime factors of h?
19
Let o(n) = -n - 26. Let m be o(-19). Let b = 21 - m. List the prime factors of b.
2, 7
Suppose 9 - 3 = 3*y, -4*g = 5*y - 362. Let w = -6 + g. What are the prime factors of w?
2, 41
Let w = -8 + 10. Let c be 1/(-1) - (w - 6). Suppose -c*s + 27 = -0*s. What are the prime factors of s?
3
Suppose -80 = 2*o - 12*o. Let r = 41 - o. List the prime factors of r.
3, 11
Let k(b) = 52*b - 915. What are the prime factors of k(39)?
3, 7, 53
Let j be (9/(-6))/(7/(-14)). Suppose -m + 124 = j*p, -m - 42 = -4*p + 135. List the prime factors of p.
43
Let f = 75 + -92. Let u(n) = -7*n - 62. List the prime factors of u(f).
3, 19
Let l(q) = -25*q + 15. Let w(o) = 12*o - 7. Let r(h) = 2*l(h) + 5*w(h). What are the prime factors of r(6)?
5, 11
Let p = 11 - 8. Suppose 15*m - 38 + 188 = 0. List the prime factors of 71/p + m/(-30).
2, 3
Suppose 1274 = 31*h - 2167. What are the prime factors of h?
3, 37
Suppose 4*u + o - 1566 = 2907, 0 = 2*u + 5*o - 2223. What are the prime factors of u?
3, 373
Let v(r) = -r**3 + 14*r**2 - 11*r - 13. Suppose 2*x + 3*c - 52 = 0, 2*x = -2*c + 50 - 0. Let k = x + -10. What are the prime factors of v(k)?
13
Suppose 1438*v - 1429*v - 14328 = 0. What are the prime factors of v?
2, 199
Suppose -398*b = -396*b - 1612. List the prime factors of b.
2, 13, 31
Let h = 11 - -1. Let j = -7 + h. Suppose -g + 3*d = -j, 3*d = -3*g + 4*d + 23. What are the prime factors of g?
2
Let c(d) = -d**3 + 3*d**2 + 5*d + 1363. List the prime factors of c(0).
29, 47
Let u = 1243 + -372. Suppose -340 = -7*a + u. What are the prime factors of a?
173
Suppose 4*q = -25 + 5, 3*r + 16 = -5*q. Suppose -2*g - 22 = -r*g. What are the prime factors of g?
2, 11
Let c = -26 + 34. Let n = c - -6. What are the prime factors of n?
2, 7
Let c be (10/(-4))/((3 + 0)/(-12)). What are the prime factors of (-3 + -62)*(16/c - 2)?
2, 13
Let j(d) = -5 + 4*d**3 - 4*d - 15*d + 13*d**2 - 3*d**3. List the prime factors of j(-14).
5, 13
Suppose -4*v - 249 = -7*v. Suppose -5*a = -w - v, -50 = -5*a - 2*w + 39. List the prime factors of a.
17
Let x(q) = q**2 + 8*q + 16. Let b = 24 - 31. Let m be x(b). List the prime factors of 30*((-12)/m)/(-4).
2, 5
Let j(r) = 2*r - 3. Let g be j(6). Let p = 14 - g. Suppose p*w = 4*w + 29. What are the prime factors of w?
29
Let v be (1 + -2)/1*-1. Let q = -17 + 21. Suppose q*h + v - 53 = 0. List the prime factors of 